86?
14
Calculate the remainder when 1064902 is divided by 532449.
4
Calculate the remainder when 1414590 is divided by 8127.
492
Calculate the remainder when 11152638 is divided by 2495.
2483
What is the remainder when 253402 is divided by 35?
2
What is the remainder when 20937 is divided by 20872?
65
What is the remainder when 84329 is divided by 17?
9
Calculate the remainder when 7445791 is divided by 323724.
139
Calculate the remainder when 41197936 is divided by 367.
351
Calculate the remainder when 1344248 is divided by 2641.
2620
Calculate the remainder when 400621 is divided by 19.
6
What is the remainder when 4249195 is divided by 482?
365
What is the remainder when 4173500 is divided by 2455?
0
Calculate the remainder when 9771783 is divided by 113.
108
Calculate the remainder when 4878640 is divided by 3685.
3385
Calculate the remainder when 2047247 is divided by 409445.
22
Calculate the remainder when 999119 is divided by 52577.
156
What is the remainder when 931172 is divided by 2638?
2596
What is the remainder when 47909156 is divided by 522?
518
Calculate the remainder when 2150383 is divided by 181.
103
What is the remainder when 5724404 is divided by 2589?
125
What is the remainder when 6734400 is divided by 4535?
4460
Calculate the remainder when 906207 is divided by 299.
237
Calculate the remainder when 94213 is divided by 93450.
763
What is the remainder when 182329 is divided by 424?
9
Calculate the remainder when 74270802 is divided by 49056.
18
Calculate the remainder when 740818 is divided by 10289.
10
What is the remainder when 33458138 is divided by 1085?
1078
Calculate the remainder when 2483197 is divided by 117.
106
Calculate the remainder when 5379533 is divided by 10150.
33
Calculate the remainder when 272331 is divided by 29616.
5787
Calculate the remainder when 568189 is divided by 100.
89
What is the remainder when 174343 is divided by 381?
226
Calculate the remainder when 614414 is divided by 2719.
2639
What is the remainder when 3273682 is divided by 801?
796
What is the remainder when 553270 is divided by 144?
22
What is the remainder when 1534807 is divided by 5727?
5698
What is the remainder when 10329731 is divided by 360?
251
Calculate the remainder when 2307893 is divided by 25.
18
What is the remainder when 10161680 is divided by 94?
92
Calculate the remainder when 654296 is divided by 327146.
4
Calculate the remainder when 5212177 is divided by 1303043.
5
Calculate the remainder when 35134360 is divided by 83.
45
Calculate the remainder when 99065161 is divided by 33021706.
43
What is the remainder when 207622 is divided by 51702?
814
Calculate the remainder when 23989191 is divided by 10008.
15
What is the remainder when 51756091 is divided by 115?
111
What is the remainder when 2963 is divided by 992?
979
What is the remainder when 34915 is divided by 5260?
3355
What is the remainder when 1267646 is divided by 631868?
3910
Calculate the remainder when 88024 is divided by 3667.
16
Calculate the remainder when 576577 is divided by 368.
289
What is the remainder when 78522 is divided by 18969?
2646
Calculate the remainder when 2008429 is divided by 31378.
237
Calculate the remainder when 469322168 is divided by 393.
389
What is the remainder when 390401 is divided by 324?
305
Calculate the remainder when 93339 is divided by 46386.
567
What is the remainder when 58977447 is divided by 630?
627
Calculate the remainder when 1177527 is divided by 341.
54
What is the remainder when 3958523 is divided by 122?
111
Calculate the remainder when 21763264 is divided by 566.
564
What is the remainder when 222351183 is divided by 8264?
8263
What is the remainder when 7332339 is divided by 801?
786
What is the remainder when 45011884 is divided by 14?
8
Calculate the remainder when 161741396 is divided by 25.
21
What is the remainder when 109518 is divided by 663?
123
Calculate the remainder when 601569 is divided by 1027.
774
What is the remainder when 49938392 is divided by 818662?
10
What is the remainder when 1844693 is divided by 1946?
1831
Calculate the remainder when 9845700 is divided by 22.
18
What is the remainder when 2710976 is divided by 51?
20
Calculate the remainder when 7011647 is divided by 1316.
1315
Calculate the remainder when 245246 is divided by 47953.
5481
What is the remainder when 184692 is divided by 378?
228
Calculate the remainder when 2471422 is divided by 6.
4
Calculate the remainder when 109143 is divided by 26527.
3035
Calculate the remainder when 28011 is divided by 76.
43
What is the remainder when 740049 is divided by 982?
603
What is the remainder when 1239320 is divided by 6419?
453
What is the remainder when 11426622 is divided by 2856653?
10
Calculate the remainder when 362143 is divided by 583.
100
What is the remainder when 6146492 is divided by 216?
212
What is the remainder when 9557428 is divided by 790?
8
What is the remainder when 351668397 is divided by 1816?
1813
What is the remainder when 254854 is divided by 754?
2
What is the remainder when 767970420 is divided by 52?
48
What is the remainder when 35183959 is divided by 283?
267
Calculate the remainder when 704694376 is divided by 851.
849
Calculate the remainder when 12183960 is divided by 553816.
8
Calculate the remainder when 11204227 is divided by 69.
7
What is the remainder when 3712048 is divided by 928011?
4
Calculate the remainder when 164879 is divided by 5120.
1039
What is the remainder when 254477792 is divided by 9976?
8
Calculate the remainder when 7056635 is divided by 708.
707
What is the remainder when 115524 is divided by 4113?
360
What is the remainder when 3596385 is divided by 1238?
1233
What is the remainder when 203604 is divided by 145?
24
What is the remainder when 74484175 is divided by 74484169?
6
Calculate the remainder when 11446717 is divided by 157.
4
Calculate the remainder when 10735118 is divided by 981.
35
Calculate the remainder when 23602 is divided by 4863.
4150
What is the remainder when 584920 is divided by 7596?
28
What is the remainder when 123724536 is divided by 10310378?
0
What is the remainder when 684566 is divided by 3622?
8
What is the remainder when 3400607 is divided by 1119?
1085
Calculate the remainder when 7379077 is divided by 6513.
6361
Calculate the remainder when 58871652 is divided by 56.
28
Calculate the remainder when 574258 is divided by 11.
3
What is the remainder when 202557 is divided by 2132?
17
Calculate the remainder when 17927513 is divided by 54.
53
Calculate the remainder when 8945716 is divided by 4472856.
4
Calculate the remainder when 951552 is divided by 101.
31
Calculate the remainder when 341300 is divided by 8529.
140
Calculate the remainder when 73220724 is divided by 313.
8
What is the remainder when 1604471 is divided by 196?
15
What is the remainder when 12026 is divided by 1487?
130
Calculate the remainder when 5750327 is divided by 410736.
23
Calculate the remainder when 303939 is divided by 1169.
1168
What is the remainder when 241776 is divided by 9404?
6676
What is the remainder when 9615283 is divided by 1697?
81
Calculate the remainder when 61726 is divided by 1602.
850
Calculate the remainder when 369057 is divided by 184522.
13
What is the remainder when 525651 is divided by 65612?
755
What is the remainder when 1409928 is divided by 407?
80
What is the remainder when 45791 is divided by 41632?
4159
Calculate the remainder when 1323261 is divided by 120291.
60
Calculate the remainder when 71233 is divided by 17338.
1881
Calculate the remainder when 1659913 is divided by 2371.
213
What is the remainder when 32490 is divided by 2202?
1662
Calculate the remainder when 21331710 is divided by 2591.
7
What is the remainder when 230858 is divided by 46170?
8
What is the remainder when 16886805 is divided by 73?
7
What is the remainder when 19692 is divided by 100?
92
Calculate the remainder when 6295109 is divided by 1851.
1709
Calculate the remainder when 25734790 is divided by 221.
3
What is the remainder when 525281 is divided by 162?
77
Calculate the remainder when 12183719 is divided by 58858.
113
What is the remainder when 3798522 is divided by 51?
42
What is the remainder when 106816 is divided by 1491?
955
What is the rem